n 196/(h + 3) + 3 is divided by 14?
10
Suppose -w + 533 = 504. Suppose -116 = -4*g + 108. Calculate the remainder when g is divided by w.
27
Let c(j) = j**2 + 101. Let v be c(0). Let k = v - 64. Let m(w) = -4*w - 23. Calculate the remainder when k is divided by m(-9).
11
Let w(n) = 148*n**2 - 5*n + 2. Let g be w(2). Calculate the remainder when 2/(-9) - (g/(-36) + -4) is divided by 11.
9
What is the remainder when 62 is divided by 2 + (-16)/9 + 6206/261?
14
Let d = 12 - -15. What is the remainder when 43 is divided by d?
16
Let u(j) = j + 49. Let x = -504 - -697. What is the remainder when x is divided by u(0)?
46
Suppose -20 = 2*m - 3*m - 4*b, 25 = 4*m + 5*b. Suppose -l = -w + 3*w + 5, -w + 5*l + 25 = m. Calculate the remainder when (6/3 - -39) + w is divided by 14.
13
Suppose 0 = 582*b - 583*b + 113. Calculate the remainder when 1693 is divided by b.
111
Let k = -109 - -126. Calculate the remainder when 83 is divided by k.
15
Calculate the remainder when 166 is divided by (1/((-15)/(-12)))/(10/575).
28
Let a(l) = -2*l + 1. Let w be a(0). Let r = w + 12. Calculate the remainder when 49 is divided by r.
10
Suppose -2*r + 60 = 4*y, -y + 3*r = r - 5. Suppose 6*i - 13 = 23. Let b(d) = 10*d - 11. Calculate the remainder when b(i) is divided by y.
10
Let d(h) be the second derivative of h**5/20 - h**3/6 + 25*h**2/2 - h. Suppose r = -10*r. Calculate the remainder when d(r) is divided by 7.
4
Calculate the remainder when 109 is divided by 1/(18/4) - (-4437)/81.
54
Suppose s - 108 = -2*f, 0*f + 162 = 3*f + 2*s. Let p be 674/10 + 4/(-10). Suppose -p = -5*a + 3. What is the remainder when f is divided by a?
12
Suppose -2*g - g + 4*b + 43 = 0, -4*b - 17 = -g. Let s(j) = -12*j + 2. What is the remainder when s(-4) is divided by g?
11
Let x = -2082 + 2154. What is the remainder when 104 is divided by x?
32
Let v be 12/54 - (-399)/27. Suppose 0*c = o - c - 7, 0 = 5*c - v. Let a(g) = g**2 - 8*g - 10. What is the remainder when 19 is divided by a(o)?
9
Suppose 0 = -6*j + 503 + 163. What is the remainder when j is divided by 16?
15
Let u(w) = -2*w. Calculate the remainder when u(-9) is divided by 5.
3
Let p = -2 + 2. Let q = -20 - -38. Calculate the remainder when q is divided by p + 1 - (4 - 14).
7
Let u = 19 + 3. Let l = 8 + -2. Calculate the remainder when u is divided by l.
4
Suppose 0 = 3*j + 12, j = -3*f - j + 106. Let u be (-292)/(-6) - (8/(-12))/2. Let b = -29 + u. What is the remainder when f is divided by b?
18
Let w be 18/(-4)*(-104)/39. Suppose 0 = w*q - 15*q + 9. Calculate the remainder when q is divided by 3.
0
Suppose -9445 = -29*g - 2195. Calculate the remainder when g is divided by 88.
74
Suppose -3*c = c - 8. Suppose 3*u = 0, -3*q + 0 + 3 = -c*u. Calculate the remainder when 88 is divided by (12*q)/((-8)/(-20)).
28
Suppose 0 = -5*w - 40 + 115. Let i = 0 - -8. Calculate the remainder when w is divided by i.
7
Suppose 4*w + 45 + 3 = 0. Let f = w - -12. Suppose -2*x + 67 + 21 = f. What is the remainder when x is divided by 23?
21
Suppose 0 = 4*k - 386 + 98. Let m = 114 + -61. Calculate the remainder when m is divided by 54/k - 106/(-8).
11
Suppose 0 = -3*m - 1 - 2. Let s(n) = -13*n + 2. Calculate the remainder when 28 is divided by s(m).
13
What is the remainder when 38 is divided by ((-100)/(10/(-2)))/(2 + -1)?
18
Suppose -8 + 10 = h. Suppose 0 = h*d + 12 - 118. What is the remainder when d is divided by 14?
11
Let p(r) = -35*r - 25. What is the remainder when 86 is divided by p(-2)?
41
Let m be 2 + (-2)/(-1) + 28. Suppose 0 = 2*q - 22 - m. Let z = 176 - 166. Calculate the remainder when q is divided by z.
7
Let c(w) = w**2 - 5*w - 1. Let r be c(5). Let g(b) = 3*b**2 + 1 + 7*b**2 + 0*b**2 + 2*b. What is the remainder when 26 is divided by g(r)?
8
Let w(t) = t**2 - 30*t + 7. Let b(l) = -l**2 + 12*l - 12. What is the remainder when b(8) is divided by w(30)?
6
Suppose 765 = 12*o + 5*o. What is the remainder when o is divided by 16?
13
Let h(b) = b**3 + 7*b**2 - 27*b - 136. What is the remainder when h(-8) is divided by 11?
5
Suppose 0 = -27*h + 25*h - g + 649, -4*g + 1308 = 4*h. Calculate the remainder when h is divided by 36.
34
Let b = 39 + -23. Suppose 4*u = -3*s + b + 11, 3 = 2*u + 5*s. Suppose 3*q = -28 + 100. What is the remainder when q is divided by u?
6
Suppose -k - 16 = -5*k. What is the remainder when 4 is divided by k?
0
Let o = 1078 + -1804. Calculate the remainder when o/(-4) + -2 + (-9)/(-6) is divided by 46.
43
Let z(q) = -4*q + 0*q + 4 + 224*q**2 - 223*q**2 - 2. Let w = 26 - 22. Calculate the remainder when z(w) is divided by 2.
0
Suppose 2*g = -32 + 248. Suppose 5*l + g - 393 = 0. What is the remainder when l is divided by 12?
9
What is the remainder when ((-4)/(-6))/((-6)/(-2574)) is divided by 41?
40
Let y(p) = p**2 + 3*p + 2. Let h = 307 + -296. What is the remainder when y(5) is divided by h?
9
Suppose -x - x = -50. Suppose -4*m = -2 + 10, 69 = -5*r - 2*m. Calculate the remainder when x is divided by (r/(-4))/(8/32).
12
Let t = 196 - -110. Calculate the remainder when t is divided by 11.
9
Suppose 0 = -4*d + 8 + 4, m - 20 = -4*d. Suppose -470 = 3*j - m*j. Calculate the remainder when j is divided by 24.
22
Let n = -60 - -521. What is the remainder when n is divided by 22?
21
Suppose 4*b - h = -0*h + 8, 4*h = 5*b + 1. Let y(g) = 13*g - 16. Let f be y(3). Suppose 0 = -2*p - b + f. Calculate the remainder when 27 is divided by p.
7
Let h(d) = d**3 - 9*d**2 - 11*d + 13. Let s be h(10). Suppose -4*w - 30 = -m, s*m - 2*w + 0*w = 60. Calculate the remainder when 50 is divided by m.
14
Let r be 3 + (-3 - -9)/(3/(-18)). Let z = r - -58. Calculate the remainder when 72 is divided by z.
22
Let k(x) = 2 - 6*x - 2 + 1. Let p = 239 + -190. Calculate the remainder when p is divided by k(-2).
10
Suppose -r = 5, -3*x + 29 = 2*r - 24. Let b(g) = 4*g**3 + g**2 + g + 3. What is the remainder when b(3) is divided by x?
18
Let j = 4 - 10. What is the remainder when 9/j + 111/6 is divided by (15/(-4))/((-15)/20)?
2
Suppose -2*k + 20 = a - 21, -a - 3*k = -42. Suppose -a + 15 = -2*i. What is the remainder when i is divided by 4?
0
Suppose 0*j = 4*j - 60. Suppose m + 5*x = 40, -3*x = -m - m + j. Calculate the remainder when 34 is divided by (6/m)/(1/30).
10
Calculate the remainder when 7 + -2 - (-7 - (0 - -71)) is divided by 39.
5
Let p = 1 - 1. Suppose p*g - 2*g + 20 = 0. What is the remainder when (g/20)/((-1)/(-6)) is divided by 3?
0
Suppose 135*q + 120 = 143*q. Suppose 0*a = 3*a + 9. Calculate the remainder when q is divided by ((-18)/8)/(a/8).
3
Suppose -r = n - 47, 18 = 5*n - 7. What is the remainder when 103 is divided by r?
19
Suppose 3*c + p = -0*p + 37, 0 = c + 5*p - 17. Suppose -4*x = -6*x + 106. Let r = x + -7. What is the remainder when r is divided by c?
10
What is the remainder when (-1)/45*5 + (-11558)/(-18) is divided by 28?
26
Let u(q) = 21*q**2 - 188*q + 8. Let g(d) = 2*d**3 - 5*d**2 + d - 4. Let x(c) = -c + 1. Let n be x(-3). Calculate the remainder when g(n) is divided by u(9).
14
Suppose -14*h + 63 = -11*h. Calculate the remainder when 395 is divided by h.
17
Suppose -346 = 5*u + 4*m, -4*u + 2*m = 177 + 79. Let f = u - -82. Calculate the remainder when 59 is divided by f.
11
Suppose -5*h = -5*b + 20, -b + 2*h = -4*b - 13. Calculate the remainder when 23 is divided by 9*b/(-3) + 2.
3
Let m(t) = t**3 + 6*t**2 + 9*t + 8. Let l be m(-4). Suppose 2*w + 2*c - 9 = 31, 3*c = l*w - 101. Calculate the remainder when w is divided by 6.
5
Let y = -20 + 23. Let s(m) = m + 9. Let n be s(-9). Calculate the remainder when y + (-2 - n)*-17 is divided by 20.
17
Let y = 46 - 43. Suppose -5*s = -2*i + 89, y*i + i - s = 187. What is the remainder when i is divided by 8?
7
Let p be (56/70)/(4/10). Let m(h) = h**2 - 2*h. Let q be m(3). Suppose 0 = -p*g + 21 + q. What is the remainder when g is divided by 5?
2
Suppose -2*p + 203 = g + 2*g, -2*p + 173 = -3*g. What is the remainder when p is divided by 8?
6
Suppose 16*q - 17*q + 25 = 0. What is the remainder when 216 is divided by q?
16
Let n = 22 - 16. Suppose 28 = 2*i - n. Let x = 0 + 66. What is the remainder when x is divided by i?
15
Let t = -9 - -15. Suppose 3*h + 12 = t. Let b = 4 - h. Calculate the remainder when 16 is divided by b.
4
Let f(s) = 4*s - 11. Let j(d) = 2*d - 5. Let z(k) = 3*f(k)